99
What are the prime factors of 929050?
2, 5, 17, 1093
List the prime factors of 581000.
2, 5, 7, 83
List the prime factors of 481884.
2, 3, 13, 3089
List the prime factors of 23714717.
13, 19, 67, 1433
List the prime factors of 239343.
3, 13, 17, 19
List the prime factors of 277875.
3, 5, 13, 19
List the prime factors of 38033.
73, 521
What are the prime factors of 23412322?
2, 11706161
What are the prime factors of 2058275?
5, 17, 29, 167
List the prime factors of 505994.
2, 431, 587
List the prime factors of 14983010.
2, 5, 7, 214043
List the prime factors of 20509676.
2, 11, 41, 11369
List the prime factors of 3702.
2, 3, 617
What are the prime factors of 287049?
3, 7, 13669
What are the prime factors of 996808?
2, 124601
List the prime factors of 236073.
3, 78691
List the prime factors of 141427.
11, 13, 23, 43
What are the prime factors of 5350553?
13, 67, 6143
List the prime factors of 324374.
2, 79, 2053
What are the prime factors of 259750?
2, 5, 1039
List the prime factors of 5684143.
1307, 4349
What are the prime factors of 17450306?
2, 8725153
List the prime factors of 432799.
432799
List the prime factors of 155730.
2, 3, 5, 29, 179
List the prime factors of 2610336.
2, 3, 27191
What are the prime factors of 10407?
3, 3469
What are the prime factors of 4088055?
3, 5, 272537
List the prime factors of 5021524.
2, 29, 73, 593
What are the prime factors of 13410839?
13, 47, 467
List the prime factors of 128835.
3, 5, 7, 409
List the prime factors of 1320278.
2, 73, 9043
List the prime factors of 1555142.
2, 777571
What are the prime factors of 760707?
3, 84523
List the prime factors of 2360916.
2, 3, 65581
List the prime factors of 664868.
2, 359, 463
List the prime factors of 8085359.
67, 120677
What are the prime factors of 13070414?
2, 7, 933601
List the prime factors of 553594.
2, 37, 7481
What are the prime factors of 34830415?
5, 151, 46133
What are the prime factors of 219225?
3, 5, 37, 79
List the prime factors of 7724076.
2, 3, 101, 6373
List the prime factors of 1821616.
2, 257, 443
List the prime factors of 429184.
2, 7, 479
List the prime factors of 3832635.
3, 5, 197, 1297
What are the prime factors of 8986688?
2, 140417
List the prime factors of 16060033.
11, 1460003
What are the prime factors of 169529?
47, 3607
List the prime factors of 4778225.
5, 131, 1459
List the prime factors of 1562507.
67, 23321
What are the prime factors of 20924199?
3, 307, 7573
List the prime factors of 198803.
11, 31, 53
List the prime factors of 511726.
2, 331, 773
What are the prime factors of 181678?
2, 7, 19, 683
List the prime factors of 710837.
710837
What are the prime factors of 203280?
2, 3, 5, 7, 11
List the prime factors of 7538578.
2, 107, 35227
What are the prime factors of 746302?
2, 373151
List the prime factors of 108959.
108959
What are the prime factors of 29076030?
2, 3, 5, 113, 953
List the prime factors of 173105.
5, 89, 389
List the prime factors of 524656.
2, 11, 271
What are the prime factors of 5280797?
1201, 4397
List the prime factors of 1357503.
3, 7, 127, 509
List the prime factors of 3420911.
13, 359, 733
List the prime factors of 11787024.
2, 3, 245563
List the prime factors of 264412.
2, 66103
List the prime factors of 1338254.
2, 669127
List the prime factors of 959158.
2, 19, 43, 587
What are the prime factors of 643621?
11, 58511
List the prime factors of 115008.
2, 3, 599
List the prime factors of 4753535.
5, 29, 32783
List the prime factors of 469327.
41, 11447
List the prime factors of 5870896.
2, 131, 2801
What are the prime factors of 8585?
5, 17, 101
What are the prime factors of 6479128?
2, 809891
List the prime factors of 1507722.
2, 3, 251287
What are the prime factors of 3781947?
3, 13, 96973
List the prime factors of 7390115.
5, 89, 16607
List the prime factors of 2737322.
2, 7, 23, 8501
What are the prime factors of 6778212?
2, 3, 7, 19, 31, 137
List the prime factors of 79733.
71, 1123
What are the prime factors of 942596?
2, 71, 3319
List the prime factors of 64658.
2, 11, 2939
List the prime factors of 34077061.
17, 83, 24151
What are the prime factors of 2491392?
2, 3, 811
What are the prime factors of 1373694?
2, 3, 7, 32707
What are the prime factors of 1281836?
2, 23, 13933
List the prime factors of 4863058.
2, 37, 65717
What are the prime factors of 43367006?
2, 19, 23, 29, 59
List the prime factors of 4416875.
5, 37, 191
What are the prime factors of 177615?
3, 5, 3947
List the prime factors of 349905.
3, 5, 23327
What are the prime factors of 497061?
3, 55229
What are the prime factors of 11742071?
11, 29, 36809
What are the prime factors of 369766?
2, 293, 631
List the prime factors of 201183.
3, 67061
What are the prime factors of 1516790?
2, 5, 11, 13789
List the prime factors of 3504030.
2, 3, 5, 271, 431
What are the prime factors of 6582561?
3, 2194187
What are the prime factors of 78824?
2, 59, 167
List the prime factors of 9931651.
37, 181, 1483
List the prime factors of 1261717.
1261717
List the prime factors of 37457.
7, 5351
List the prime factors of 400104.
2, 3, 5557
List the prime factors of 23959057.
19, 647, 1949
What are the prime factors of 315504?
2, 3, 7, 313
What are the prime factors of 578394?
2, 3, 10711
What are the prime factors of 311484?
2, 3, 101, 257
What are the prime factors of 125981?
53, 2377
What are the prime factors of 2084789?
7, 23, 563
What are the prime factors of 146697?
3, 107, 457
List the prime factors of 111064.
2, 13883
What are the prime factors of 11734934?
2, 5867467
What are the prime factors of 4233818?
2, 257, 8237
List the prime factors of 11032170.
2, 3, 5, 367739
What are the prime factors of 29845742?
2, 907, 16453
What are the prime factors of 5564192?
2, 41, 4241
What are the prime factors of 513935?
5, 23, 41, 109
What are the prime factors of 141614?
2, 11, 41, 157
List the prime factors of 131060.
2, 5, 6553
List the prime factors of 789502.
2, 7, 56393
List the prime factors of 18344340.
2, 3, 5, 7, 23, 211
What are the prime factors of 1519752?
2, 3, 13, 4871
What are the prime factors of 2271281?
2271281
List the prime factors of 9612183.
3, 7, 23, 2843
List the prime factors of 837699.
3, 103, 2711
List the prime factors of 11100468.
2, 3, 925039
List the prime factors of 683182.
2, 29, 11779
What are the prime factors of 4841207?
7, 181, 3821
List the prime factors of 384255.
3, 5, 8539
List the prime factors of 5056232.
2, 632029
What are the prime factors of 541623?
3, 180541
What are the prime factors of 5063987?
1013, 4999
What are the prime factors of 4433354?
2, 719, 3083
List the prime factors of 90537.
3, 103, 293
What are the prime factors of 683559?
3, 29, 97
What are the prime factors of 14702089?
14702089
What are the prime factors of 389169?
3, 11, 3931
What are the prime factors of 617766?
2, 3, 19, 5419
List the prime factors of 37311.
3, 12437
List the prime factors of 144297.
3, 16033
What are the prime factors of 189028?
2, 7, 43, 157
List the prime factors of 5773413.
3, 619, 3109
What are the prime factors of 259503?
3, 86501
List the prime factors of 306356.
2, 19, 29, 139
What are the prime factors of 15582943?
1511, 10313
List the prime factors of 305453.
47, 67, 97
What are the prime factors of 688527?
3, 7, 3643
What are the prime factors of 3063485?
5, 17, 23, 1567
List the prime factors of 159114.
2, 3, 23, 1153
List the prime factors of 8373138.
2, 3, 1395523
List the prime factors of 4377281.
113, 38737
List the prime factors of 963628.
2, 17, 37, 383
List the prime factors of 3214688.
2, 100459
List the prime factors of 11999010.
2, 3, 5, 73, 5479
List the prime factors of 589657.
29, 20333
List the prime factors of 12300281.
7, 73, 24071
List the prime factors of 938406.
2, 3, 7, 22343
List the prime factors of 3420222.
2, 3, 13, 3373
What are the prime factors of 11256110?
2, 5, 43, 26177
What are the prime factors of 221958?
2, 3, 11, 19, 59
List the prime factors of 258292.
2, 31, 2083
What are the prime factors of 74644?
2, 18661
What are the prime factors of 387138?
2, 3, 113, 571
List the prime factors of 10130479.
10130479
List the prime factors of 83929.
17, 4937
List the prime factors of 203864.
2, 17, 1499
List the prime factors of 491870.
2, 5, 101, 487
List the prime fact